 2*f + 18 = -4*x, o*x - 16 = -2*f. What is the highest common divisor of f and 25?
5
Suppose -l = -6*l + 35. Let t = l - 5. Let y = t + 13. Calculate the greatest common factor of 30 and y.
15
Suppose 4*r - 80 = -5*u + 9*u, 77 = -4*u + 3*r. Let s = u + 20. Calculate the greatest common factor of s and 6.
3
Let q(f) = 3*f + 29. Let d be q(-9). Let g(m) = 7*m**2 - 2*m. Let y be g(d). What is the greatest common factor of 120 and y?
24
Suppose 39*p + 2671 = 4*t + 38*p, 3329 = 5*t + 2*p. What is the highest common factor of t and 29?
29
Suppose 24 - 259 = -5*c. Let j(q) = q**2 + 20*q - 247. Let p be j(11). What is the highest common divisor of c and p?
47
Let u(j) be the first derivative of j**2 + 3. Let w be u(3). Let p be 90/(-25)*(-20)/w. Calculate the highest common factor of 3 and p.
3
Suppose -5*n = -12 + 2. Let f = -4 - -4. Suppose f = -4*c + 2 + n. Calculate the greatest common divisor of c and 8.
1
Suppose 4*w + 15 = -5*q - 15, -4*q + w - 45 = 0. Let k be 1/((-1)/(-61)) + 13 + q. What is the greatest common divisor of 96 and k?
32
Let r be (-241)/(-9) + 6/27. Let z = r + -23. What is the highest common factor of 10 and z?
2
Suppose 14*m - 3*y = 11*m + 42, -m - 4*y = 11. Calculate the greatest common factor of 243 and m.
9
Suppose 12*b + 48 = 13*b. Suppose -b = 19*d - 23*d. What is the greatest common divisor of 30 and d?
6
Let i be 24*((-20)/(-3) - 4). What is the greatest common divisor of 4 and i?
4
Let v(n) = -3*n - 4. Let u be v(-6). Suppose u - 2 = 4*t. Suppose 0 = t*q - 392 - 202. What is the greatest common factor of 18 and q?
18
Suppose -3*t = 2*p - 59, -3*t + 4 - 11 = -p. Calculate the highest common factor of 682 and p.
22
Let d(s) = s + 9. Let g be d(-6). Suppose -g*n = -2*w - w + 69, 22 = w - 2*n. Suppose -7*h = -9*h + w. What is the highest common factor of h and 4?
4
Let t be (-5 - 14/(-2)) + 4*13. Calculate the highest common divisor of 378 and t.
54
Suppose 4*s + 3*v - 984 = 0, 17*v - 21*v - 984 = -4*s. What is the greatest common divisor of 1394 and s?
82
Suppose 106 = -4*m + 6*m. Suppose -5*w - 37 = m. Let u = w + 25. Calculate the highest common divisor of u and 77.
7
Suppose 3*c - 11 = 139. Let p = 6607 + -6482. Calculate the highest common divisor of c and p.
25
Suppose -56 = -0*x - 2*x. Suppose 0 = 24*v - 143 - 193. Calculate the highest common divisor of v and x.
14
Suppose 4*m + 249 = 7*m. Suppose i - 5*q = m + 10, -3*i = -2*q - 240. Suppose 0*v + v - 52 = 0. What is the greatest common divisor of i and v?
26
Let s = 34 - 62. Let b = -52 - s. Let a be (3 - -17)*b/(-10). What is the highest common factor of a and 72?
24
Let k(f) = -34*f + 17. Let v be k(-2). Calculate the greatest common factor of 10 and v.
5
Let h(i) = i + 1. Let t(b) = 5*b + 6. Let n(v) = -6*h(v) + t(v). Let y be n(-4). Calculate the highest common divisor of 16 and y.
4
Let t(g) = 12*g - 94. Let n be t(8). What is the greatest common factor of n and 74?
2
Suppose 0 = -s - y + 711, -4*s + 10*y = 5*y - 2817. Calculate the highest common factor of s and 12.
12
Suppose -43*x + 1189 = -14*x. What is the highest common divisor of 1312 and x?
41
Let m be ((-1)/1)/((-115)/(-40) + -3). What is the highest common factor of m and 36?
4
Let g be ((-3)/6)/((-2)/48). Suppose -9*b + 8*b = -g. Calculate the highest common divisor of 84 and b.
12
Let g = -12 + 42. Let d(w) = 2*w**2 + 40*w + 3. Let k be ((-1)/(-2))/((-29)/1218). Let c be d(k). What is the greatest common factor of g and c?
15
Let p be (-6)/10 + (-218)/(-5). Let g = 62 - p. Calculate the highest common divisor of 19 and g.
19
Let j be (-233)/(-7) + (-2)/7. Let k = -100 + 45. Let f = 58 + k. What is the highest common divisor of f and j?
3
Let j be -24*(-180)/144*(-18)/(-10). Calculate the highest common factor of j and 6.
6
Suppose -5*z + 0*w = -3*w - 22, 3*w = 3*z - 18. Suppose -82 = -z*m - 2*r, 2*r - 12 = 5*r. Calculate the highest common factor of 18 and m.
9
Suppose -g = -5*j + 7 - 60, -4*g + j + 250 = 0. Let o be (-64)/(-8) - -2*1/(-2). What is the highest common factor of o and g?
7
Let o(a) = a**3 - 4*a**2 + 23*a - 68. Let g be o(4). Calculate the highest common factor of 984 and g.
24
Let t be (16/6)/((-10)/(-45)). Suppose 0 = -3*p - 2 + 20. Let k(a) = 2*a**2 - 8*a - 6. Let g be k(p). Calculate the greatest common divisor of t and g.
6
Let y = 556 - 466. Let a(u) = u**3 - 7*u**2 + 5*u + 7. Let v be a(6). Let x be (v - 0/1)*10. Calculate the highest common divisor of x and y.
10
Suppose 0 = -17*b + 193 + 572. What is the highest common divisor of b and 72?
9
Suppose -6*z - 12 = -9*z. Let h(c) = -6*c - 5 + c + 3*c - z. Let l be h(-7). What is the greatest common factor of l and 40?
5
Suppose -c + 15 = 2*c. Suppose -c*y = 2*i - 72, -3*y + 36 = -5*i - 1. What is the greatest common factor of y and 7?
7
Let z = 747 + -549. What is the greatest common divisor of z and 72?
18
Let w = 1026 + -866. Let u(k) = -2*k**3 - k**2 + 2*k. Let i be u(-2). What is the greatest common divisor of i and w?
8
Let c = 403 - 383. Calculate the highest common factor of c and 40.
20
Let a(t) = -t**3 + 6*t**2 - t + 2. Let i be a(7). Let v be -2 - (4 + -3)*i. Calculate the highest common divisor of 13 and v.
13
Suppose 15*o - 384 = 36. What is the highest common divisor of 49 and o?
7
Let a(w) = 11*w**2 - w + 1. Let z be a(1). Let u = -35 - -37. Suppose 5*v + 179 = u*k, -4*v - 12 - 8 = 0. Calculate the highest common divisor of z and k.
11
Suppose 3*v - 95 = -2*t, v - 24 - 73 = -2*t. Let g be 550/14 - 14/t. Let h = -3 + 16. What is the highest common factor of g and h?
13
Let w be (5*35/15)/(10/90). Calculate the highest common factor of w and 455.
35
Suppose -2*b + 4*b = 28. Let s be -1 - -1*15*1. Let z = 42 - s. Calculate the highest common factor of b and z.
14
Suppose 12 = 4*r - 2*l, 3*r - 18 = -r - l. Suppose -2*k + k + r = 0. Let j be (-6)/(-27) + (-112)/(-63). Calculate the highest common divisor of k and j.
2
Let q(t) = 2*t - 37. Let z be q(33). Suppose 5*v + 63 = -42. Let r = v + z. What is the highest common divisor of r and 24?
8
Let u = -516 + 782. What is the greatest common divisor of 152 and u?
38
Let w = -204 + 228. Calculate the highest common divisor of 744 and w.
24
Let q = 386 + -253. Calculate the highest common factor of q and 19.
19
Let f be (4 - 52/(-3))*3. Suppose -f = -2*c - 4*w, 3*c - 7*c = 2*w - 152. What is the greatest common divisor of c and 20?
20
Suppose 2*b - d + 1037 = 7*b, -2*d = -3*b + 630. What is the highest common divisor of 728 and b?
104
Suppose 17*w = 19*w. Suppose d + 4*m + w*m = -8, 0 = -2*m - 10. Suppose 6*h - h + 5*t - 50 = 0, -58 = -5*h - t. What is the highest common divisor of h and d?
12
Suppose -4*w + 43 = -5*p, -5*w - 8*p + 3*p = -20. What is the highest common factor of w and 189?
7
Let x be 6/(-9)*81/(-18). Let w be (12/x - -11) + 3. Calculate the highest common factor of w and 18.
18
Let f = 448 - 440. Calculate the greatest common factor of f and 2.
2
Let y be (-1916)/(-24) - 2/(-12). Let b be (9 - 5) + 5/10*232. What is the highest common divisor of y and b?
40
Suppose -5*l + 153 = -97. Suppose -l = -3*s + 22. What is the greatest common factor of s and 96?
24
Let j be (-1088)/40*4*5/(-2). What is the greatest common divisor of j and 16?
16
Let q be (9/27 + (-10682)/6)/(-2). Calculate the greatest common divisor of q and 267.
89
Let q be (-1 - -3) + (-1 - -9). Let y be (-45)/(-2)*(-40)/(-15). Suppose 0 = x + q - y. What is the greatest common divisor of x and 125?
25
Suppose -53*t - 368 = -898. Let k = 3 - -2. Calculate the greatest common divisor of t and k.
5
Let l(r) = 3*r - 19. Let j be l(8). Suppose 5*p = -5*d + 105, -j*d + p + 2*p + 105 = 0. What is the highest common factor of d and 189?
21
Let r be (-2 - 9/(-3)) + 253 + -1. Let i = -165 + r. Let o be 20 - 1*(-4)/2. Calculate the greatest common factor of o and i.
22
Suppose -2*j = -0*o + 3*o - 190, 5*j - 486 = -2*o. What is the highest common divisor of 2 and j?
2
Let s(c) be the second derivative of c**3/2 - 4*c**2 + 15*c. Let p be s(6). What is the greatest common divisor of p and 50?
10
Let q(u) = -u**2 - 11*u + 26. Let j be q(-13). Suppose -h - h = j. Suppose h = 5*s - 0*s - 20. What is the greatest common factor of s and 4?
4
Let v(k) = -2*k - 7. Let j be (9 - 2/(-2))*-1. Let f be v(j). Suppose